 84 a factor of 27050?
False
Is 266 a multiple of 19?
True
Is 6392 a multiple of 34?
True
Does 16 divide 1145?
False
Does 33 divide 2211?
True
Is 166 a multiple of 17?
False
Is 80 a multiple of 4?
True
Is 3600 a multiple of 19?
False
Is 37 a factor of 8836?
False
Does 6 divide 2424?
True
Is 5881 a multiple of 8?
False
Is 6333 a multiple of 9?
False
Is 1593 a multiple of 3?
True
Is 7315 a multiple of 19?
True
Is 12 a factor of 58779?
False
Is 14 a factor of 3024?
True
Does 28 divide 11032?
True
Does 112 divide 5120?
False
Is 272 a multiple of 68?
True
Is 39 a factor of 4017?
True
Is 149 a factor of 3129?
True
Does 8 divide 967?
False
Does 89 divide 17848?
False
Does 13 divide 89216?
False
Does 19 divide 1500?
False
Is 82 a factor of 530?
False
Is 11 a factor of 6303?
True
Does 4 divide 128?
True
Does 15 divide 727?
False
Is 55 a factor of 43120?
True
Is 9 a factor of 4293?
True
Is 1322 a multiple of 41?
False
Does 4 divide 702?
False
Does 25 divide 98904?
False
Does 37 divide 7474?
True
Is 2494 a multiple of 29?
True
Does 5 divide 162?
False
Is 31 a factor of 26495?
False
Does 55 divide 34394?
False
Is 200 a multiple of 10?
True
Is 1949 a multiple of 12?
False
Is 171 a factor of 76950?
True
Is 3063 a multiple of 41?
False
Does 15 divide 84?
False
Is 14 a factor of 10004?
False
Does 29 divide 2697?
True
Is 1144 a multiple of 8?
True
Does 32 divide 22049?
False
Does 20 divide 6352?
False
Is 5 a factor of 371?
False
Does 37 divide 888?
True
Is 965 a multiple of 5?
True
Does 17 divide 221?
True
Is 832 a multiple of 32?
True
Does 19 divide 1805?
True
Does 19 divide 5795?
True
Does 54 divide 43530?
False
Is 7 a factor of 66?
False
Does 15 divide 3399?
False
Does 5 divide 2840?
True
Does 12 divide 2336?
False
Is 44 a factor of 21130?
False
Is 15 a factor of 90?
True
Is 3280 a multiple of 82?
True
Is 43 a factor of 989?
True
Does 8 divide 200?
True
Is 32 a factor of 3040?
True
Does 109 divide 122353?
False
Is 114 a multiple of 6?
True
Is 34 a factor of 16950?
False
Is 275 a factor of 11825?
True
Does 9 divide 29952?
True
Is 14 a factor of 1725?
False
Is 13 a factor of 1079?
True
Is 112 a multiple of 6?
False
Does 3 divide 342?
True
Is 15744 a multiple of 6?
True
Is 39 a factor of 624?
True
Is 142 a factor of 3550?
True
Is 3970 a multiple of 5?
True
Is 279 a factor of 49383?
True
Is 937 a multiple of 24?
False
Is 25 a factor of 44?
False
Does 4 divide 1716?
True
Is 9 a factor of 66213?
True
Is 694 a multiple of 16?
False
Is 2 a factor of 212?
True
Is 18 a factor of 49302?
True
Is 1666 even?
True
Does 14 divide 14916?
False
Is 620 a multiple of 13?
False
Is 6 a factor of 170?
False
Does 15 divide 7756?
False
Is 830 a multiple of 10?
True
Is 3155 a multiple of 102?
False
Is 6 a factor of 414?
True
Is 14 a factor of 18372?
False
Is 31 a factor of 8308?
True
Does 2 divide 5595?
False
Is 11 a factor of 35681?
False
Does 12 divide 61899?
False
Is 51 a multiple of 2?
False
Is 5 a factor of 260?
True
Is 23198 a multiple of 14?
True
Does 13 divide 16791?
False
Does 11 divide 712?
False
Does 35 divide 910?
True
Is 122 a multiple of 15?
False
Does 33 divide 1287?
True
Is 104 a factor of 564?
False
Is 27929 a multiple of 47?
False
Is 11 a factor of 462?
True
Is 2 a factor of 167?
False
Is 9 a factor of 6963?
False
Is 20292 a multiple of 38?
True
Is 38 a factor of 1007?
False
Is 132290 a multiple of 125?
False
Is 942 a multiple of 13?
False
Is 21 a factor of 1539?
False
Is 20 a factor of 37200?
True
Does 16 divide 80480?
True
Is 11188 a multiple of 7?
False
Does 21 divide 254?
False
Is 86 a factor of 13072?
True
Does 32 divide 517?
False
Is 225 a multiple of 2?
False
Is 6 a factor of 56?
False
Does 44 divide 1496?
True
Does 24 divide 469?
False
Is 5 a factor of 585?
True
Does 12 divide 357?
False
Does 8 divide 581?
False
Is 7 a factor of 798?
True
Is 14898 a multiple of 39?
True
Does 13 divide 1625?
True
Is 9963 a multiple of 29?
False
Is 5397 a multiple of 21?
True
Is 34483 a multiple of 37?
False
Is 14322 a multiple of 50?
False
Does 36 divide 2539?
False
Is 99 a multiple of 52?
False
Is 5 a factor of 17950?
True
Is 230 a multiple of 10?
True
Does 37 divide 1147?
True
Is 6536 a multiple of 8?
True
Does 21 divide 33096?
True
Is 2949 a multiple of 59?
False
Is 668 a multiple of 6?
False
Does 25 divide 150?
True
Does 9 divide 1057?
False
Does 20 divide 4320?
True
Is 14 a factor of 9508?
False
Is 790 a multiple of 79?
True
Is 39370 a multiple of 273?
False
Does 26 divide 4034?
False
Is 191 a multiple of 3?
False
Is 371 a multiple of 129?
False
Is 117 a factor of 7602?
False
Is 56317 a multiple of 18?
False
Does 59 divide 65195?
True
Is 944 a multiple of 30?
False
Does 170 divide 167790?
True
Is 11 a factor of 4287?
False
Is 30708 a multiple of 60?
False
Is 17630 a multiple of 35?
False
Is 4032 a multiple of 14?
True
Does 52 divide 12908?
False
Is 1189 a multiple of 17?
False
Is 1788 even?
True
Is 2436 a multiple of 12?
True
Is 43 a factor of 55384?
True
Is 36 a factor of 16632?
True
Does 83 divide 4233?
True
Does 20 divide 538?
False
Does 5 divide 83?
False
Is 132 a factor of 18348?
True
Is 42 a factor of 1046?
False
Is 318 even?
True
Is 898 a multiple of 15?
False
Is 8330 a multiple of 119?
True
Is 1463 a multiple of 19?
True
Does 41 divide 30791?
True
Does 16 divide 10720?
True
Does 56 divide 292?
False
Is 32 a factor of 3168?
True
Is 18 a factor of 54?
True
Does 56 divide 559?
False
Is 228 a multiple of 38?
True
Is 2204 a multiple of 19?
True
Is 645 a multiple of 3?
True
Does 18 divide 1667?
False
Is 29428 a multiple of 7?
True
Is 9 a factor of 1359?
True
Does 20 divide 1426?
False
Is 2 a factor of 2465?
False
Is 36 a factor of 2069?
False
Is 476 a multiple of 28?
True
Is 3729 a multiple of 23?
False
Is 81 a factor of 1508?
False
Does 57 divide 10918?
False
Is 16 a factor of 2528?
True
Is 2773 a multiple of 59?
True
Does 147 divide 14847?
True
Is 4 a factor of 2120?
True
Is 1645 a multiple of 47?
True
Is 22071 a multiple of 29?
False
Is 5906 a multiple of 10?
False
Is 46 a factor of 3588?
True
Is 44 a factor of 748?
True
Does 369 divide 57195?
True
Is 5829 a multiple of 17?
False
Is 55310 a multiple of 10?
True
Is 45 a factor of 7233?
False
Does 12 divide 636?
True
Is 512 a multiple of 32?
True
Is 9 a factor of 50?
False
Does 51 divide 306?
True
Is 4446 a multiple of 57?
True
Does 59 divide 236?
True
Does 27 divide 1701?
True
Is 136 a factor of 14280?
True
Is 195 a factor of 12480?
True
Does 15 divide 10035?
True
Is 7 a factor of 210?
True
Is 10039 a multiple of 58?
False
Is 3527 a multiple of 22?
False
Is 4654 a multiple of 5?
False
Is 147402 a multiple of 18?
True
Is 1361 a multiple of 8?
False
Does 84 divide 21607?
False
Is 25 a factor of 750?
True
Does 79 divide 363?
False
Is 105 a factor of 600?
False
Is 4429 a multiple of 43?
True
Is 79 a factor of 8216?
True
Is 50 a factor of 950?
True
Is 5521 a multiple of 4?
False
Is 8 a factor of 600?
True
Does 14 divide 586?
False
Is 12 a factor of 72?
True
Does 11 divide 14124?
True
Is 48 a factor of 159?
False
Does 73 divide 12514?
False
Does 3 divide 474?
True
Does 335 divide 66330?
True
Is 301 a multiple of 39?
False
Is 322 a multiple of 6?
False
Is 36 a factor of 468?
True
Is 399 a multiple of 3?
True
Does 95 divide 9880?
True
Is 25 a factor of 6749?
False
Is 1071 a multiple of 14?
False
Does 19 divide 16435?
True
Does 133 divide 50540?
True
Is 18 a factor of 25017?
False
Is 183 a multiple of 5?
False
Is 1224 a multiple of 12?
True
Is 576 a multiple of 26?
False
Is 892 a multiple of 10?
False
Is 22 a factor of 2076?
False
Does 32 divide 68776?
False
Does 8 divide 1488?
True
Is 194 a multiple of 9?
False
Is 1275 a multiple of 17?
True
Is 120 a factor of 16225?
False
Does 73 divide 61172?
False
Is 54765 a multiple of 83?
False
Is 9 a factor of 304?
False
Is 58528 a multiple of 31?
True
Does 12 divide 984?
True
Does 100 divide 24245?
False
Is 110 a factor of 15439?
False
Is 22 a factor of 137?
False
Is 420 a multiple of 9?
False
Is 7901 a multiple of 9?
False
Does 128 divide 88576?
True
Is 363 a multiple of 9?
False
Is 1098 a multiple of 15?
False
Is 193 even?
False
Is 17 a factor of 2618?
True
Is 96 a factor of 390?
False
Is 5306 a multiple of 7?
True
Is 5 a factor of 5670?
True
Does 15 divide 825?
True
Is 62 a f